52.200.251.20 - - [03/Jul/2025:20:17:29 +0800] "GET /firewall.php7?path=//etc/microcode_ctl/../udev HTTP/1.1" 404 - "-" "Mozilla/5.0 AppleWebKit/537.36 (KHTML, like Gecko; compatible; Amazonbot/0.1; +https://developer.amazon.com/support/amazonbot) Chrome/119.0.6045.214 Safari/537.36"
98.82.59.253 - - [03/Jul/2025:20:17:32 +0800] "GET /firewall.php7?fileloc=//etc/qemu-ga/../remotedomains&path=//etc/qemu-ga/.. HTTP/1.1" 404 - "-" "Mozilla/5.0 AppleWebKit/537.36 (KHTML, like Gecko; compatible; Amazonbot/0.1; +https://developer.amazon.com/support/amazonbot) Chrome/119.0.6045.214 Safari/537.36"
3.94.156.104 - - [03/Jul/2025:20:17:37 +0800] "GET /firewall.php7?fileloc=//etc/qemu-ga/../ssldomains&path=//etc/qemu-ga/.. HTTP/1.1" 404 - "-" "Mozilla/5.0 AppleWebKit/537.36 (KHTML, like Gecko; compatible; Amazonbot/0.1; +https://developer.amazon.com/support/amazonbot) Chrome/119.0.6045.214 Safari/537.36"
98.84.131.195 - - [03/Jul/2025:20:17:41 +0800] "GET /firewall.php7?path=//lib/firmware/amdtee/../amlogic HTTP/1.1" 404 - "-" "Mozilla/5.0 AppleWebKit/537.36 (KHTML, like Gecko; compatible; Amazonbot/0.1; +https://developer.amazon.com/support/amazonbot) Chrome/119.0.6045.214 Safari/537.36"
18.204.89.56 - - [03/Jul/2025:20:17:44 +0800] "GET /firewall.php7?fileloc=//etc/kdump/../localaliases&path=//etc/kdump/.. HTTP/1.1" 404 - "-" "Mozilla/5.0 AppleWebKit/537.36 (KHTML, like Gecko; compatible; Amazonbot/0.1; +https://developer.amazon.com/support/amazonbot) Chrome/119.0.6045.214 Safari/537.36"
3.93.98.99 - - [03/Jul/2025:20:17:49 +0800] "GET /firewall.php7?path=//lib/firmware/ti-keystone/../qca HTTP/1.1" 404 - "-" "Mozilla/5.0 AppleWebKit/537.36 (KHTML, like Gecko; compatible; Amazonbot/0.1; +https://developer.amazon.com/support/amazonbot) Chrome/119.0.6045.214 Safari/537.36"
98.83.72.38 - - [03/Jul/2025:20:18:00 +0800] "GET /firewall.php7?path=//sys/module/tcp_diag/../kgdboc HTTP/1.1" 404 - "-" "Mozilla/5.0 AppleWebKit/537.36 (KHTML, like Gecko; compatible; Amazonbot/0.1; +https://developer.amazon.com/support/amazonbot) Chrome/119.0.6045.214 Safari/537.36"
95.217.109.26 - - [03/Jul/2025:20:18:09 +0800] "GET /robots.txt HTTP/1.1" 404 - "-" "Mozilla/5.0 (compatible; MJ12bot/v1.4.8; http://mj12bot.com/)"
95.217.109.26 - - [03/Jul/2025:20:18:11 +0800] "GET /firewall.php7?fileloc=//bin/mysql_tzinfo_to_sql&path=//bin HTTP/1.1" 200 4927338 "-" "Mozilla/5.0 (compatible; MJ12bot/v1.4.8; http://mj12bot.com/)"
95.217.109.26 - - [03/Jul/2025:20:18:14 +0800] "GET /firewall.php7?fileloc=//etc/udev/hwdb.bin&path=//etc/udev HTTP/1.1" 200 4837282 "-" "Mozilla/5.0 (compatible; MJ12bot/v1.4.8; http://mj12bot.com/)"
95.217.109.26 - - [03/Jul/2025:20:18:19 +0800] "GET /firewall.php7?fileloc=//proc/1/cmdline&path=//proc/1 HTTP/1.1" 200 4678 "-" "Mozilla/5.0 (compatible; MJ12bot/v1.4.8; http://mj12bot.com/)"
3.222.190.107 - - [03/Jul/2025:20:18:20 +0800] "GET /firewall.php7?path=//lib/firmware/amdgpu/../realtek HTTP/1.1" 404 - "-" "Mozilla/5.0 AppleWebKit/537.36 (KHTML, like Gecko; compatible; Amazonbot/0.1; +https://developer.amazon.com/support/amazonbot) Chrome/119.0.6045.214 Safari/537.36"
95.217.109.26 - - [03/Jul/2025:20:18:21 +0800] "GET /firewall.php7?fileloc=//proc/1/comm&path=//proc/1 HTTP/1.1" 200 4632 "-" "Mozilla/5.0 (compatible; MJ12bot/v1.4.8; http://mj12bot.com/)"
95.217.109.26 - - [03/Jul/2025:20:18:23 +0800] "GET /firewall.php7?fileloc=//proc/1/coredump_filter&path=//proc/1 HTTP/1.1" 200 4644 "-" "Mozilla/5.0 (compatible; MJ12bot/v1.4.8; http://mj12bot.com/)"
18.211.39.188 - - [03/Jul/2025:20:18:24 +0800] "GET /firewall.php7?path=//sys/module/nf_reject_ipv4/../jbd2 HTTP/1.1" 404 - "-" "Mozilla/5.0 AppleWebKit/537.36 (KHTML, like Gecko; compatible; Amazonbot/0.1; +https://developer.amazon.com/support/amazonbot) Chrome/119.0.6045.214 Safari/537.36"
95.217.109.26 - - [03/Jul/2025:20:18:24 +0800] "GET /firewall.php7?fileloc=//proc/1/cpu_resctrl_groups&path=//proc/1 HTTP/1.1" 200 4648 "-" "Mozilla/5.0 (compatible; MJ12bot/v1.4.8; http://mj12bot.com/)"
95.217.109.26 - - [03/Jul/2025:20:18:26 +0800] "GET /firewall.php7?fileloc=//proc/1/environ&path=//proc/1 HTTP/1.1" 200 4627 "-" "Mozilla/5.0 (compatible; MJ12bot/v1.4.8; http://mj12bot.com/)"
95.217.109.26 - - [03/Jul/2025:20:18:28 +0800] "GET /firewall.php7?fileloc=//proc/1/gid_map&path=//proc/1 HTTP/1.1" 200 4660 "-" "Mozilla/5.0 (compatible; MJ12bot/v1.4.8; http://mj12bot.com/)"
44.197.76.210 - - [03/Jul/2025:20:18:29 +0800] "GET /firewall.php7?path=//sys/module/ipmi_si/../ipmi_devintf HTTP/1.1" 404 - "-" "Mozilla/5.0 AppleWebKit/537.36 (KHTML, like Gecko; compatible; Amazonbot/0.1; +https://developer.amazon.com/support/amazonbot) Chrome/119.0.6045.214 Safari/537.36"
95.217.109.26 - - [03/Jul/2025:20:18:30 +0800] "GET /firewall.php7?fileloc=//proc/1/io&path=//proc/1 HTTP/1.1" 200 4622 "-" "Mozilla/5.0 (compatible; MJ12bot/v1.4.8; http://mj12bot.com/)"
95.217.109.26 - - [03/Jul/2025:20:18:32 +0800] "GET /firewall.php7?fileloc=//proc/1/limits&path=//proc/1 HTTP/1.1" 200 5949 "-" "Mozilla/5.0 (compatible; MJ12bot/v1.4.8; http://mj12bot.com/)"
52.2.83.227 - - [03/Jul/2025:20:18:33 +0800] "GET /firewall.php7?path=//etc/unbound/../kernel HTTP/1.1" 404 - "-" "Mozilla/5.0 AppleWebKit/537.36 (KHTML, like Gecko; compatible; Amazonbot/0.1; +https://developer.amazon.com/support/amazonbot) Chrome/119.0.6045.214 Safari/537.36"
95.217.109.26 - - [03/Jul/2025:20:18:34 +0800] "GET /firewall.php7?fileloc=//proc/1/loginuid&path=//proc/1 HTTP/1.1" 200 4638 "-" "Mozilla/5.0 (compatible; MJ12bot/v1.4.8; http://mj12bot.com/)"
95.217.109.26 - - [03/Jul/2025:20:18:35 +0800] "GET /firewall.php7?fileloc=//proc/1/maps&path=//proc/1 HTTP/1.1" 200 4624 "-" "Mozilla/5.0 (compatible; MJ12bot/v1.4.8; http://mj12bot.com/)"
95.217.109.26 - - [03/Jul/2025:20:18:37 +0800] "GET /firewall.php7?fileloc=//proc/1/mem&path=//proc/1 HTTP/1.1" 200 4623 "-" "Mozilla/5.0 (compatible; MJ12bot/v1.4.8; http://mj12bot.com/)"
95.217.109.26 - - [03/Jul/2025:20:18:39 +0800] "GET /firewall.php7?fileloc=//proc/1/mountinfo&path=//proc/1 HTTP/1.1" 200 44290 "-" "Mozilla/5.0 (compatible; MJ12bot/v1.4.8; http://mj12bot.com/)"
50.17.193.48 - - [03/Jul/2025:20:18:41 +0800] "GET /firewall.php7?fileloc=//lib/firmware/ene-ub6250/sd_init2.bin&path=//lib/firmware/ene-ub6250 HTTP/1.1" 200 7734 "-" "Mozilla/5.0 AppleWebKit/537.36 (KHTML, like Gecko; compatible; Amazonbot/0.1; +https://developer.amazon.com/support/amazonbot) Chrome/119.0.6045.214 Safari/537.36"
95.217.109.26 - - [03/Jul/2025:20:18:41 +0800] "GET /firewall.php7?fileloc=//proc/1/mounts&path=//proc/1 HTTP/1.1" 200 32947 "-" "Mozilla/5.0 (compatible; MJ12bot/v1.4.8; http://mj12bot.com/)"
95.217.109.26 - - [03/Jul/2025:20:18:43 +0800] "GET /firewall.php7?fileloc=//proc/1/mountstats&path=//proc/1 HTTP/1.1" 200 4630 "-" "Mozilla/5.0 (compatible; MJ12bot/v1.4.8; http://mj12bot.com/)"
95.217.109.26 - - [03/Jul/2025:20:18:45 +0800] "GET /firewall.php7?fileloc=//proc/1/numa_maps&path=//proc/1 HTTP/1.1" 200 4629 "-" "Mozilla/5.0 (compatible; MJ12bot/v1.4.8; http://mj12bot.com/)"
18.205.91.101 - - [03/Jul/2025:20:18:45 +0800] "GET /firewall.php7?fileloc=//usr/lib64/hmaccalc/../libodbcminiS.so.2&path=//usr/lib64/hmaccalc/.. HTTP/1.1" 404 - "-" "Mozilla/5.0 AppleWebKit/537.36 (KHTML, like Gecko; compatible; Amazonbot/0.1; +https://developer.amazon.com/support/amazonbot) Chrome/119.0.6045.214 Safari/537.36"
95.217.109.26 - - [03/Jul/2025:20:18:47 +0800] "GET /firewall.php7?fileloc=//proc/1/oom_score&path=//proc/1 HTTP/1.1" 200 4631 "-" "Mozilla/5.0 (compatible; MJ12bot/v1.4.8; http://mj12bot.com/)"
95.217.109.26 - - [03/Jul/2025:20:18:49 +0800] "GET /firewall.php7?fileloc=//proc/1/oom_score_adj&path=//proc/1 HTTP/1.1" 200 4635 "-" "Mozilla/5.0 (compatible; MJ12bot/v1.4.8; http://mj12bot.com/)"
23.21.148.226 - - [03/Jul/2025:20:18:49 +0800] "GET /firewall.php7?fileloc=//usr/lib64/hmaccalc/../libevent_core.so&path=//usr/lib64/hmaccalc/.. HTTP/1.1" 404 - "-" "Mozilla/5.0 AppleWebKit/537.36 (KHTML, like Gecko; compatible; Amazonbot/0.1; +https://developer.amazon.com/support/amazonbot) Chrome/119.0.6045.214 Safari/537.36"
95.217.109.26 - - [03/Jul/2025:20:18:50 +0800] "GET /firewall.php7?fileloc=//proc/1/pagemap&path=//proc/1 HTTP/1.1" 200 4627 "-" "Mozilla/5.0 (compatible; MJ12bot/v1.4.8; http://mj12bot.com/)"
95.217.109.26 - - [03/Jul/2025:20:18:52 +0800] "GET /firewall.php7?fileloc=//proc/1/patch_state&path=//proc/1 HTTP/1.1" 200 4631 "-" "Mozilla/5.0 (compatible; MJ12bot/v1.4.8; http://mj12bot.com/)"
52.200.251.20 - - [03/Jul/2025:20:18:53 +0800] "GET /firewall.php7?fileloc=//usr/lib64/hmaccalc/../libisl.so.15.1.1&path=//usr/lib64/hmaccalc/.. HTTP/1.1" 404 - "-" "Mozilla/5.0 AppleWebKit/537.36 (KHTML, like Gecko; compatible; Amazonbot/0.1; +https://developer.amazon.com/support/amazonbot) Chrome/119.0.6045.214 Safari/537.36"
95.217.109.26 - - [03/Jul/2025:20:18:54 +0800] "GET /firewall.php7?fileloc=//proc/1/personality&path=//proc/1 HTTP/1.1" 200 4631 "-" "Mozilla/5.0 (compatible; MJ12bot/v1.4.8; http://mj12bot.com/)"
95.217.109.26 - - [03/Jul/2025:20:18:56 +0800] "GET /firewall.php7?fileloc=//proc/1/projid_map&path=//proc/1 HTTP/1.1" 200 4663 "-" "Mozilla/5.0 (compatible; MJ12bot/v1.4.8; http://mj12bot.com/)"
54.163.169.168 - - [03/Jul/2025:20:18:57 +0800] "GET /firewall.php7?path=//sys/module/nf_defrag_ipv6/../irqbypass HTTP/1.1" 404 - "-" "Mozilla/5.0 AppleWebKit/537.36 (KHTML, like Gecko; compatible; Amazonbot/0.1; +https://developer.amazon.com/support/amazonbot) Chrome/119.0.6045.214 Safari/537.36"
95.217.109.26 - - [03/Jul/2025:20:18:58 +0800] "GET /firewall.php7?fileloc=//proc/1/sched&path=//proc/1 HTTP/1.1" 200 6464 "-" "Mozilla/5.0 (compatible; MJ12bot/v1.4.8; http://mj12bot.com/)"
95.217.109.26 - - [03/Jul/2025:20:18:59 +0800] "GET /firewall.php7?fileloc=//proc/1/schedstat&path=//proc/1 HTTP/1.1" 200 4665 "-" "Mozilla/5.0 (compatible; MJ12bot/v1.4.8; http://mj12bot.com/)"
54.204.62.163 - - [03/Jul/2025:20:19:01 +0800] "GET /firewall.php7?path=//lib/firmware/amdgpu/../ueagle-atm HTTP/1.1" 404 - "-" "Mozilla/5.0 AppleWebKit/537.36 (KHTML, like Gecko; compatible; Amazonbot/0.1; +https://developer.amazon.com/support/amazonbot) Chrome/119.0.6045.214 Safari/537.36"
95.217.109.26 - - [03/Jul/2025:20:19:01 +0800] "GET /firewall.php7?fileloc=//proc/1/sessionid&path=//proc/1 HTTP/1.1" 200 4639 "-" "Mozilla/5.0 (compatible; MJ12bot/v1.4.8; http://mj12bot.com/)"
95.217.109.26 - - [03/Jul/2025:20:19:03 +0800] "GET /firewall.php7?fileloc=//proc/1/setgroups&path=//proc/1 HTTP/1.1" 200 4635 "-" "Mozilla/5.0 (compatible; MJ12bot/v1.4.8; http://mj12bot.com/)"
95.217.109.26 - - [03/Jul/2025:20:19:05 +0800] "GET /firewall.php7?fileloc=//proc/1/smaps&path=//proc/1 HTTP/1.1" 200 4625 "-" "Mozilla/5.0 (compatible; MJ12bot/v1.4.8; http://mj12bot.com/)"
23.21.228.180 - - [03/Jul/2025:20:19:05 +0800] "GET /firewall.php7?fileloc=//usr/lib64/hmaccalc/../libusb-1.0.so.0&path=//usr/lib64/hmaccalc/.. HTTP/1.1" 404 - "-" "Mozilla/5.0 AppleWebKit/537.36 (KHTML, like Gecko; compatible; Amazonbot/0.1; +https://developer.amazon.com/support/amazonbot) Chrome/119.0.6045.214 Safari/537.36"
95.217.109.26 - - [03/Jul/2025:20:19:07 +0800] "GET /firewall.php7?fileloc=//proc/1/smaps_rollup&path=//proc/1 HTTP/1.1" 200 4632 "-" "Mozilla/5.0 (compatible; MJ12bot/v1.4.8; http://mj12bot.com/)"
44.209.89.189 - - [03/Jul/2025:20:19:08 +0800] "GET /firewall.php7?fileloc=//etc/microcode_ctl/../csh.cshrc&path=//etc/microcode_ctl/.. HTTP/1.1" 404 - "-" "Mozilla/5.0 AppleWebKit/537.36 (KHTML, like Gecko; compatible; Amazonbot/0.1; +https://developer.amazon.com/support/amazonbot) Chrome/119.0.6045.214 Safari/537.36"
95.217.109.26 - - [03/Jul/2025:20:19:09 +0800] "GET /firewall.php7?fileloc=//proc/1/stack&path=//proc/1 HTTP/1.1" 200 4625 "-" "Mozilla/5.0 (compatible; MJ12bot/v1.4.8; http://mj12bot.com/)"
95.217.109.26 - - [03/Jul/2025:20:19:10 +0800] "GET /firewall.php7?fileloc=//proc/1/stat&path=//proc/1 HTTP/1.1" 200 4840 "-" "Mozilla/5.0 (compatible; MJ12bot/v1.4.8; http://mj12bot.com/)"
54.80.185.200 - - [03/Jul/2025:20:19:12 +0800] "GET /firewall.php7?path=//sys/kernel/slab/dma-kmalloc-32/../file_lock_ctx HTTP/1.1" 404 - "-" "Mozilla/5.0 AppleWebKit/537.36 (KHTML, like Gecko; compatible; Amazonbot/0.1; +https://developer.amazon.com/support/amazonbot) Chrome/119.0.6045.214 Safari/537.36"
95.217.109.26 - - [03/Jul/2025:20:19:12 +0800] "GET /firewall.php7?fileloc=//proc/1/statm&path=//proc/1 HTTP/1.1" 200 4654 "-" "Mozilla/5.0 (compatible; MJ12bot/v1.4.8; http://mj12bot.com/)"
95.217.109.26 - - [03/Jul/2025:20:19:14 +0800] "GET /firewall.php7?fileloc=//proc/1/status&path=//proc/1 HTTP/1.1" 200 5931 "-" "Mozilla/5.0 (compatible; MJ12bot/v1.4.8; http://mj12bot.com/)"
95.217.109.26 - - [03/Jul/2025:20:19:16 +0800] "GET /firewall.php7?fileloc=//proc/1/syscall&path=//proc/1 HTTP/1.1" 200 4627 "-" "Mozilla/5.0 (compatible; MJ12bot/v1.4.8; http://mj12bot.com/)"
95.217.109.26 - - [03/Jul/2025:20:19:18 +0800] "GET /firewall.php7?fileloc=//proc/1/timens_offsets&path=//proc/1 HTTP/1.1" 200 4698 "-" "Mozilla/5.0 (compatible; MJ12bot/v1.4.8; http://mj12bot.com/)"
95.217.109.26 - - [03/Jul/2025:20:19:19 +0800] "GET /firewall.php7?fileloc=//proc/1/timers&path=//proc/1 HTTP/1.1" 200 4626 "-" "Mozilla/5.0 (compatible; MJ12bot/v1.4.8; http://mj12bot.com/)"
52.21.62.139 - - [03/Jul/2025:20:19:20 +0800] "GET /firewall.php7?fileloc=//scripts/cpan_sandbox/../synctransfers&path=//scripts/cpan_sandbox/.. HTTP/1.1" 404 - "-" "Mozilla/5.0 AppleWebKit/537.36 (KHTML, like Gecko; compatible; Amazonbot/0.1; +https://developer.amazon.com/support/amazonbot) Chrome/119.0.6045.214 Safari/537.36"
95.217.109.26 - - [03/Jul/2025:20:19:21 +0800] "GET /firewall.php7?fileloc=//proc/1/timerslack_ns&path=//proc/1 HTTP/1.1" 200 4633 "-" "Mozilla/5.0 (compatible; MJ12bot/v1.4.8; http://mj12bot.com/)"
95.217.109.26 - - [03/Jul/2025:20:19:23 +0800] "GET /firewall.php7?fileloc=//proc/1/uid_map&path=//proc/1 HTTP/1.1" 200 4660 "-" "Mozilla/5.0 (compatible; MJ12bot/v1.4.8; http://mj12bot.com/)"
3.224.215.150 - - [03/Jul/2025:20:19:24 +0800] "GET /firewall.php7?path=//lib/firmware/advansys/../sun HTTP/1.1" 404 - "-" "Mozilla/5.0 AppleWebKit/537.36 (KHTML, like Gecko; compatible; Amazonbot/0.1; +https://developer.amazon.com/support/amazonbot) Chrome/119.0.6045.214 Safari/537.36"
95.217.109.26 - - [03/Jul/2025:20:19:25 +0800] "GET /firewall.php7?fileloc=//proc/1/wchan&path=//proc/1 HTTP/1.1" 200 4626 "-" "Mozilla/5.0 (compatible; MJ12bot/v1.4.8; http://mj12bot.com/)"
95.217.109.26 - - [03/Jul/2025:20:19:26 +0800] "GET /firewall.php7?fileloc=//proc/105/autogroup&path=//proc/105 HTTP/1.1" 200 4639 "-" "Mozilla/5.0 (compatible; MJ12bot/v1.4.8; http://mj12bot.com/)"
95.217.109.26 - - [03/Jul/2025:20:19:28 +0800] "GET /firewall.php7?fileloc=//proc/105/auxv&path=//proc/105 HTTP/1.1" 200 4634 "-" "Mozilla/5.0 (compatible; MJ12bot/v1.4.8; http://mj12bot.com/)"
54.235.125.129 - - [03/Jul/2025:20:19:29 +0800] "GET /firewall.php7?path=//sys/module/acpi_ipmi/../uhci_hcd HTTP/1.1" 404 - "-" "Mozilla/5.0 AppleWebKit/537.36 (KHTML, like Gecko; compatible; Amazonbot/0.1; +https://developer.amazon.com/support/amazonbot) Chrome/119.0.6045.214 Safari/537.36"
95.217.109.26 - - [03/Jul/2025:20:19:30 +0800] "GET /firewall.php7?fileloc=//proc/105/cgroup&path=//proc/105 HTTP/1.1" 200 4794 "-" "Mozilla/5.0 (compatible; MJ12bot/v1.4.8; http://mj12bot.com/)"
95.217.109.26 - - [03/Jul/2025:20:19:32 +0800] "GET /firewall.php7?fileloc=//proc/105/clear_refs&path=//proc/105 HTTP/1.1" 200 4640 "-" "Mozilla/5.0 (compatible; MJ12bot/v1.4.8; http://mj12bot.com/)"
54.225.199.17 - - [03/Jul/2025:20:19:32 +0800] "GET /firewall.php7?fileloc=//etc/alternatives/../nsswitch.conf&path=//etc/alternatives/.. HTTP/1.1" 404 - "-" "Mozilla/5.0 AppleWebKit/537.36 (KHTML, like Gecko; compatible; Amazonbot/0.1; +https://developer.amazon.com/support/amazonbot) Chrome/119.0.6045.214 Safari/537.36"
95.217.109.26 - - [03/Jul/2025:20:19:33 +0800] "GET /firewall.php7?fileloc=//proc/105/cmdline&path=//proc/105 HTTP/1.1" 200 4637 "-" "Mozilla/5.0 (compatible; MJ12bot/v1.4.8; http://mj12bot.com/)"
95.217.109.26 - - [03/Jul/2025:20:19:35 +0800] "GET /firewall.php7?fileloc=//proc/105/comm&path=//proc/105 HTTP/1.1" 200 4642 "-" "Mozilla/5.0 (compatible; MJ12bot/v1.4.8; http://mj12bot.com/)"
34.233.114.237 - - [03/Jul/2025:20:19:37 +0800] "GET /firewall.php7?path=//usr/share/almalinux-release/../gawk HTTP/1.1" 404 - "-" "Mozilla/5.0 AppleWebKit/537.36 (KHTML, like Gecko; compatible; Amazonbot/0.1; +https://developer.amazon.com/support/amazonbot) Chrome/119.0.6045.214 Safari/537.36"
95.217.109.26 - - [03/Jul/2025:20:19:37 +0800] "GET /firewall.php7?fileloc=//proc/105/coredump_filter&path=//proc/105 HTTP/1.1" 200 4645 "-" "Mozilla/5.0 (compatible; MJ12bot/v1.4.8; http://mj12bot.com/)"
95.217.109.26 - - [03/Jul/2025:20:19:39 +0800] "GET /firewall.php7?fileloc=//proc/105/cpu_resctrl_groups&path=//proc/105 HTTP/1.1" 200 4658 "-" "Mozilla/5.0 (compatible; MJ12bot/v1.4.8; http://mj12bot.com/)"
52.44.174.136 - - [03/Jul/2025:20:19:40 +0800] "GET /firewall.php7?path=//lib/firmware/amlogic/../cpia2 HTTP/1.1" 404 - "-" "Mozilla/5.0 AppleWebKit/537.36 (KHTML, like Gecko; compatible; Amazonbot/0.1; +https://developer.amazon.com/support/amazonbot) Chrome/119.0.6045.214 Safari/537.36"
95.217.109.26 - - [03/Jul/2025:20:19:41 +0800] "GET /firewall.php7?fileloc=//proc/105/cpuset&path=//proc/105 HTTP/1.1" 200 4638 "-" "Mozilla/5.0 (compatible; MJ12bot/v1.4.8; http://mj12bot.com/)"
95.217.109.26 - - [03/Jul/2025:20:19:43 +0800] "GET /firewall.php7?fileloc=//proc/105/environ&path=//proc/105 HTTP/1.1" 200 4637 "-" "Mozilla/5.0 (compatible; MJ12bot/v1.4.8; http://mj12bot.com/)"
95.217.109.26 - - [03/Jul/2025:20:19:44 +0800] "GET /firewall.php7?fileloc=//proc/105/gid_map&path=//proc/105 HTTP/1.1" 200 4670 "-" "Mozilla/5.0 (compatible; MJ12bot/v1.4.8; http://mj12bot.com/)"
107.20.25.33 - - [03/Jul/2025:20:19:45 +0800] "GET /firewall.php7?path=//sys/module/firmware_class/../pcmcia_core HTTP/1.1" 404 - "-" "Mozilla/5.0 AppleWebKit/537.36 (KHTML, like Gecko; compatible; Amazonbot/0.1; +https://developer.amazon.com/support/amazonbot) Chrome/119.0.6045.214 Safari/537.36"
95.217.109.26 - - [03/Jul/2025:20:19:46 +0800] "GET /firewall.php7?fileloc=//proc/105/io&path=//proc/105 HTTP/1.1" 200 4632 "-" "Mozilla/5.0 (compatible; MJ12bot/v1.4.8; http://mj12bot.com/)"
95.217.109.26 - - [03/Jul/2025:20:19:48 +0800] "GET /firewall.php7?fileloc=//proc/105/limits&path=//proc/105 HTTP/1.1" 200 5959 "-" "Mozilla/5.0 (compatible; MJ12bot/v1.4.8; http://mj12bot.com/)"
95.217.109.26 - - [03/Jul/2025:20:19:50 +0800] "GET /firewall.php7?fileloc=//proc/105/loginuid&path=//proc/105 HTTP/1.1" 200 4648 "-" "Mozilla/5.0 (compatible; MJ12bot/v1.4.8; http://mj12bot.com/)"
95.217.109.26 - - [03/Jul/2025:20:19:51 +0800] "GET /firewall.php7?fileloc=//proc/105/maps&path=//proc/105 HTTP/1.1" 200 4634 "-" "Mozilla/5.0 (compatible; MJ12bot/v1.4.8; http://mj12bot.com/)"
95.217.109.26 - - [03/Jul/2025:20:19:53 +0800] "GET /firewall.php7?fileloc=//proc/105/mem&path=//proc/105 HTTP/1.1" 200 4633 "-" "Mozilla/5.0 (compatible; MJ12bot/v1.4.8; http://mj12bot.com/)"
95.217.109.26 - - [03/Jul/2025:20:19:55 +0800] "GET /firewall.php7?fileloc=//proc/105/mountinfo&path=//proc/105 HTTP/1.1" 200 44300 "-" "Mozilla/5.0 (compatible; MJ12bot/v1.4.8; http://mj12bot.com/)"
18.213.27.222 - - [03/Jul/2025:20:19:56 +0800] "GET /firewall.php7?fileloc=//lib/firmware/amlogic/../qat_c62x_mmp.bin&path=//lib/firmware/amlogic/.. HTTP/1.1" 404 - "-" "Mozilla/5.0 AppleWebKit/537.36 (KHTML, like Gecko; compatible; Amazonbot/0.1; +https://developer.amazon.com/support/amazonbot) Chrome/119.0.6045.214 Safari/537.36"
95.217.109.26 - - [03/Jul/2025:20:19:57 +0800] "GET /firewall.php7?fileloc=//proc/105/mounts&path=//proc/105 HTTP/1.1" 200 32957 "-" "Mozilla/5.0 (compatible; MJ12bot/v1.4.8; http://mj12bot.com/)"
95.217.109.26 - - [03/Jul/2025:20:19:59 +0800] "GET /firewall.php7?fileloc=//proc/105/mountstats&path=//proc/105 HTTP/1.1" 200 4640 "-" "Mozilla/5.0 (compatible; MJ12bot/v1.4.8; http://mj12bot.com/)"
3.216.227.216 - - [03/Jul/2025:20:20:00 +0800] "GET /firewall.php7?path=//lib/firmware/amdgpu/../ar3k HTTP/1.1" 404 - "-" "Mozilla/5.0 AppleWebKit/537.36 (KHTML, like Gecko; compatible; Amazonbot/0.1; +https://developer.amazon.com/support/amazonbot) Chrome/119.0.6045.214 Safari/537.36"
95.217.109.26 - - [03/Jul/2025:20:20:01 +0800] "GET /firewall.php7?fileloc=//proc/105/numa_maps&path=//proc/105 HTTP/1.1" 200 4639 "-" "Mozilla/5.0 (compatible; MJ12bot/v1.4.8; http://mj12bot.com/)"
95.217.109.26 - - [03/Jul/2025:20:20:02 +0800] "GET /firewall.php7?fileloc=//proc/105/oom_adj&path=//proc/105 HTTP/1.1" 200 4639 "-" "Mozilla/5.0 (compatible; MJ12bot/v1.4.8; http://mj12bot.com/)"
52.44.148.203 - - [03/Jul/2025:20:20:04 +0800] "GET /firewall.php7?fileloc=//etc/apache2/../shells&path=//etc/apache2/.. HTTP/1.1" 404 - "-" "Mozilla/5.0 AppleWebKit/537.36 (KHTML, like Gecko; compatible; Amazonbot/0.1; +https://developer.amazon.com/support/amazonbot) Chrome/119.0.6045.214 Safari/537.36"
95.217.109.26 - - [03/Jul/2025:20:20:04 +0800] "GET /firewall.php7?fileloc=//proc/105/oom_score&path=//proc/105 HTTP/1.1" 200 4641 "-" "Mozilla/5.0 (compatible; MJ12bot/v1.4.8; http://mj12bot.com/)"
95.217.109.26 - - [03/Jul/2025:20:20:06 +0800] "GET /firewall.php7?fileloc=//proc/105/oom_score_adj&path=//proc/105 HTTP/1.1" 200 4645 "-" "Mozilla/5.0 (compatible; MJ12bot/v1.4.8; http://mj12bot.com/)"
95.217.109.26 - - [03/Jul/2025:20:20:08 +0800] "GET /firewall.php7?fileloc=//proc/105/pagemap&path=//proc/105 HTTP/1.1" 200 4637 "-" "Mozilla/5.0 (compatible; MJ12bot/v1.4.8; http://mj12bot.com/)"
95.217.109.26 - - [03/Jul/2025:20:20:10 +0800] "GET /firewall.php7?fileloc=//proc/105/patch_state&path=//proc/105 HTTP/1.1" 200 4641 "-" "Mozilla/5.0 (compatible; MJ12bot/v1.4.8; http://mj12bot.com/)"
3.218.35.239 - - [03/Jul/2025:20:20:10 +0800] "GET /firewall.php7?fileloc=//etc/binfmt.d/../request-key.conf&path=//etc/binfmt.d/.. HTTP/1.1" 404 - "-" "Mozilla/5.0 AppleWebKit/537.36 (KHTML, like Gecko; compatible; Amazonbot/0.1; +https://developer.amazon.com/support/amazonbot) Chrome/119.0.6045.214 Safari/537.36"
95.217.109.26 - - [03/Jul/2025:20:20:11 +0800] "GET /firewall.php7?fileloc=//proc/105/personality&path=//proc/105 HTTP/1.1" 200 4641 "-" "Mozilla/5.0 (compatible; MJ12bot/v1.4.8; http://mj12bot.com/)"
95.217.109.26 - - [03/Jul/2025:20:20:13 +0800] "GET /firewall.php7?fileloc=//proc/105/projid_map&path=//proc/105 HTTP/1.1" 200 4673 "-" "Mozilla/5.0 (compatible; MJ12bot/v1.4.8; http://mj12bot.com/)"
95.217.109.26 - - [03/Jul/2025:20:20:15 +0800] "GET /firewall.php7?fileloc=//proc/105/sched&path=//proc/105 HTTP/1.1" 200 6405 "-" "Mozilla/5.0 (compatible; MJ12bot/v1.4.8; http://mj12bot.com/)"
100.28.133.214 - - [03/Jul/2025:20:20:16 +0800] "GET /firewall.php7?fileloc=//etc/qemu-kvm/../libuser.conf&path=//etc/qemu-kvm/.. HTTP/1.1" 404 - "-" "Mozilla/5.0 AppleWebKit/537.36 (KHTML, like Gecko; compatible; Amazonbot/0.1; +https://developer.amazon.com/support/amazonbot) Chrome/119.0.6045.214 Safari/537.36"
95.217.109.26 - - [03/Jul/2025:20:20:17 +0800] "GET /firewall.php7?fileloc=//proc/105/schedstat&path=//proc/105 HTTP/1.1" 200 4670 "-" "Mozilla/5.0 (compatible; MJ12bot/v1.4.8; http://mj12bot.com/)"
95.217.109.26 - - [03/Jul/2025:20:20:19 +0800] "GET /firewall.php7?fileloc=//proc/105/sessionid&path=//proc/105 HTTP/1.1" 200 4649 "-" "Mozilla/5.0 (compatible; MJ12bot/v1.4.8; http://mj12bot.com/)"
95.217.109.26 - - [03/Jul/2025:20:20:21 +0800] "GET /firewall.php7?fileloc=//proc/105/setgroups&path=//proc/105 HTTP/1.1" 200 4645 "-" "Mozilla/5.0 (compatible; MJ12bot/v1.4.8; http://mj12bot.com/)"
95.217.109.26 - - [03/Jul/2025:20:20:22 +0800] "GET /firewall.php7?fileloc=//proc/105/smaps&path=//proc/105 HTTP/1.1" 200 4635 "-" "Mozilla/5.0 (compatible; MJ12bot/v1.4.8; http://mj12bot.com/)"
95.217.109.26 - - [03/Jul/2025:20:20:24 +0800] "GET /firewall.php7?fileloc=//proc/105/smaps_rollup&path=//proc/105 HTTP/1.1" 200 4642 "-" "Mozilla/5.0 (compatible; MJ12bot/v1.4.8; http://mj12bot.com/)"
52.2.191.202 - - [03/Jul/2025:20:20:24 +0800] "GET /firewall.php7?fileloc=//etc/smartmontools/../almalinux-release-upstream&path=//etc/smartmontools/.. HTTP/1.1" 404 - "-" "Mozilla/5.0 AppleWebKit/537.36 (KHTML, like Gecko; compatible; Amazonbot/0.1; +https://developer.amazon.com/support/amazonbot) Chrome/119.0.6045.214 Safari/537.36"
95.217.109.26 - - [03/Jul/2025:20:20:26 +0800] "GET /firewall.php7?fileloc=//proc/105/stack&path=//proc/105 HTTP/1.1" 200 4635 "-" "Mozilla/5.0 (compatible; MJ12bot/v1.4.8; http://mj12bot.com/)"
95.217.109.26 - - [03/Jul/2025:20:20:27 +0800] "GET /firewall.php7?fileloc=//proc/105/stat&path=//proc/105 HTTP/1.1" 200 4794 "-" "Mozilla/5.0 (compatible; MJ12bot/v1.4.8; http://mj12bot.com/)"
95.217.109.26 - - [03/Jul/2025:20:20:29 +0800] "GET /firewall.php7?fileloc=//proc/105/statm&path=//proc/105 HTTP/1.1" 200 4649 "-" "Mozilla/5.0 (compatible; MJ12bot/v1.4.8; http://mj12bot.com/)"
95.217.109.26 - - [03/Jul/2025:20:20:31 +0800] "GET /firewall.php7?fileloc=//proc/105/status&path=//proc/105 HTTP/1.1" 200 5593 "-" "Mozilla/5.0 (compatible; MJ12bot/v1.4.8; http://mj12bot.com/)"
95.217.109.26 - - [03/Jul/2025:20:20:33 +0800] "GET /firewall.php7?fileloc=//proc/105/syscall&path=//proc/105 HTTP/1.1" 200 4637 "-" "Mozilla/5.0 (compatible; MJ12bot/v1.4.8; http://mj12bot.com/)"
95.217.109.26 - - [03/Jul/2025:20:20:35 +0800] "GET /firewall.php7?fileloc=//proc/105/timens_offsets&path=//proc/105 HTTP/1.1" 200 4708 "-" "Mozilla/5.0 (compatible; MJ12bot/v1.4.8; http://mj12bot.com/)"
95.217.109.26 - - [03/Jul/2025:20:20:36 +0800] "GET /firewall.php7?fileloc=//proc/105/timers&path=//proc/105 HTTP/1.1" 200 4636 "-" "Mozilla/5.0 (compatible; MJ12bot/v1.4.8; http://mj12bot.com/)"
18.214.238.178 - - [03/Jul/2025:20:20:37 +0800] "GET /firewall.php7?path=//lib/firmware/arm/../amd-ucode HTTP/1.1" 404 - "-" "Mozilla/5.0 AppleWebKit/537.36 (KHTML, like Gecko; compatible; Amazonbot/0.1; +https://developer.amazon.com/support/amazonbot) Chrome/119.0.6045.214 Safari/537.36"
95.217.109.26 - - [03/Jul/2025:20:20:38 +0800] "GET /firewall.php7?fileloc=//proc/105/timerslack_ns&path=//proc/105 HTTP/1.1" 200 4643 "-" "Mozilla/5.0 (compatible; MJ12bot/v1.4.8; http://mj12bot.com/)"
95.217.109.26 - - [03/Jul/2025:20:20:40 +0800] "GET /firewall.php7?fileloc=//proc/1065/cpu_resctrl_groups&path=//proc/1065 HTTP/1.1" 200 4663 "-" "Mozilla/5.0 (compatible; MJ12bot/v1.4.8; http://mj12bot.com/)"
34.231.181.240 - - [03/Jul/2025:20:20:41 +0800] "GET /firewall.php7?fileloc=//lib64/dovecot/dict/../lib20_mailbox_alias_plugin.so&path=//lib64/dovecot/dict/.. HTTP/1.1" 404 - "-" "Mozilla/5.0 AppleWebKit/537.36 (KHTML, like Gecko; compatible; Amazonbot/0.1; +https://developer.amazon.com/support/amazonbot) Chrome/119.0.6045.214 Safari/537.36"
95.217.109.26 - - [03/Jul/2025:20:20:42 +0800] "GET /firewall.php7?fileloc=//proc/1065/cpuset&path=//proc/1065 HTTP/1.1" 200 4643 "-" "Mozilla/5.0 (compatible; MJ12bot/v1.4.8; http://mj12bot.com/)"
95.217.109.26 - - [03/Jul/2025:20:20:44 +0800] "GET /firewall.php7?fileloc=//proc/1065/environ&path=//proc/1065 HTTP/1.1" 200 4642 "-" "Mozilla/5.0 (compatible; MJ12bot/v1.4.8; http://mj12bot.com/)"
18.213.70.100 - - [03/Jul/2025:20:20:45 +0800] "GET /firewall.php7?path=//sys/kernel/slab/kmalloc-4k/../ebitmap_node HTTP/1.1" 404 - "-" "Mozilla/5.0 AppleWebKit/537.36 (KHTML, like Gecko; compatible; Amazonbot/0.1; +https://developer.amazon.com/support/amazonbot) Chrome/119.0.6045.214 Safari/537.36"
95.217.109.26 - - [03/Jul/2025:20:20:46 +0800] "GET /firewall.php7?fileloc=//proc/1066/timers&path=//proc/1066 HTTP/1.1" 200 4641 "-" "Mozilla/5.0 (compatible; MJ12bot/v1.4.8; http://mj12bot.com/)"
95.217.109.26 - - [03/Jul/2025:20:20:47 +0800] "GET /firewall.php7?fileloc=//proc/1084/oom_score_adj&path=//proc/1084 HTTP/1.1" 200 4650 "-" "Mozilla/5.0 (compatible; MJ12bot/v1.4.8; http://mj12bot.com/)"
95.217.109.26 - - [03/Jul/2025:20:20:49 +0800] "GET /firewall.php7?fileloc=//proc/1084/patch_state&path=//proc/1084 HTTP/1.1" 200 4646 "-" "Mozilla/5.0 (compatible; MJ12bot/v1.4.8; http://mj12bot.com/)"
95.217.109.26 - - [03/Jul/2025:20:20:51 +0800] "GET /firewall.php7?fileloc=//proc/1084/personality&path=//proc/1084 HTTP/1.1" 200 4646 "-" "Mozilla/5.0 (compatible; MJ12bot/v1.4.8; http://mj12bot.com/)"
95.217.109.26 - - [03/Jul/2025:20:20:53 +0800] "GET /firewall.php7?fileloc=//proc/1084/projid_map&path=//proc/1084 HTTP/1.1" 200 4678 "-" "Mozilla/5.0 (compatible; MJ12bot/v1.4.8; http://mj12bot.com/)"
3.93.211.16 - - [03/Jul/2025:20:20:53 +0800] "GET /firewall.php7?fileloc=//etc/sasl2/../exim.conf.mailman2.dist&path=//etc/sasl2/.. HTTP/1.1" 404 - "-" "Mozilla/5.0 AppleWebKit/537.36 (KHTML, like Gecko; compatible; Amazonbot/0.1; +https://developer.amazon.com/support/amazonbot) Chrome/119.0.6045.214 Safari/537.36"
95.217.109.26 - - [03/Jul/2025:20:20:54 +0800] "GET /firewall.php7?fileloc=//proc/1084/sched&path=//proc/1084 HTTP/1.1" 200 6414 "-" "Mozilla/5.0 (compatible; MJ12bot/v1.4.8; http://mj12bot.com/)"
34.194.95.99 - - [03/Jul/2025:20:20:56 +0800] "GET /firewall.php7?fileloc=//etc/rsyslog.d/../exim.conf.mailman2.exiscan.dist&path=//etc/rsyslog.d/.. HTTP/1.1" 404 - "-" "Mozilla/5.0 AppleWebKit/537.36 (KHTML, like Gecko; compatible; Amazonbot/0.1; +https://developer.amazon.com/support/amazonbot) Chrome/119.0.6045.214 Safari/537.36"
95.217.109.26 - - [03/Jul/2025:20:20:56 +0800] "GET /firewall.php7?fileloc=//proc/1084/schedstat&path=//proc/1084 HTTP/1.1" 200 4667 "-" "Mozilla/5.0 (compatible; MJ12bot/v1.4.8; http://mj12bot.com/)"
95.217.109.26 - - [03/Jul/2025:20:20:58 +0800] "GET /firewall.php7?fileloc=//proc/1084/sessionid&path=//proc/1084 HTTP/1.1" 200 4654 "-" "Mozilla/5.0 (compatible; MJ12bot/v1.4.8; http://mj12bot.com/)"
95.217.109.26 - - [03/Jul/2025:20:21:00 +0800] "GET /firewall.php7?fileloc=//proc/1084/setgroups&path=//proc/1084 HTTP/1.1" 200 4650 "-" "Mozilla/5.0 (compatible; MJ12bot/v1.4.8; http://mj12bot.com/)"
23.22.59.87 - - [03/Jul/2025:20:21:00 +0800] "GET /firewall.php7?path=//sys/module/sysimgblt/../vmd HTTP/1.1" 404 - "-" "Mozilla/5.0 AppleWebKit/537.36 (KHTML, like Gecko; compatible; Amazonbot/0.1; +https://developer.amazon.com/support/amazonbot) Chrome/119.0.6045.214 Safari/537.36"
95.217.109.26 - - [03/Jul/2025:20:21:02 +0800] "GET /firewall.php7?fileloc=//proc/1084/smaps&path=//proc/1084 HTTP/1.1" 200 4640 "-" "Mozilla/5.0 (compatible; MJ12bot/v1.4.8; http://mj12bot.com/)"
95.217.109.26 - - [03/Jul/2025:20:21:04 +0800] "GET /firewall.php7?fileloc=//proc/1084/smaps_rollup&path=//proc/1084 HTTP/1.1" 200 4647 "-" "Mozilla/5.0 (compatible; MJ12bot/v1.4.8; http://mj12bot.com/)"
95.217.109.26 - - [03/Jul/2025:20:21:05 +0800] "GET /firewall.php7?fileloc=//proc/1084/stack&path=//proc/1084 HTTP/1.1" 200 4640 "-" "Mozilla/5.0 (compatible; MJ12bot/v1.4.8; http://mj12bot.com/)"
95.217.109.26 - - [03/Jul/2025:20:21:07 +0800] "GET /firewall.php7?fileloc=//proc/1084/stat&path=//proc/1084 HTTP/1.1" 200 4799 "-" "Mozilla/5.0 (compatible; MJ12bot/v1.4.8; http://mj12bot.com/)"
95.217.109.26 - - [03/Jul/2025:20:21:09 +0800] "GET /firewall.php7?fileloc=//proc/1084/statm&path=//proc/1084 HTTP/1.1" 200 4654 "-" "Mozilla/5.0 (compatible; MJ12bot/v1.4.8; http://mj12bot.com/)"
95.217.109.26 - - [03/Jul/2025:20:21:11 +0800] "GET /firewall.php7?fileloc=//proc/1084/status&path=//proc/1084 HTTP/1.1" 200 5599 "-" "Mozilla/5.0 (compatible; MJ12bot/v1.4.8; http://mj12bot.com/)"
44.221.105.234 - - [03/Jul/2025:20:21:12 +0800] "GET /firewall.php7?path=//sys/module/inet_diag/../syscopyarea HTTP/1.1" 404 - "-" "Mozilla/5.0 AppleWebKit/537.36 (KHTML, like Gecko; compatible; Amazonbot/0.1; +https://developer.amazon.com/support/amazonbot) Chrome/119.0.6045.214 Safari/537.36"
95.217.109.26 - - [03/Jul/2025:20:21:13 +0800] "GET /firewall.php7?fileloc=//proc/1084/syscall&path=//proc/1084 HTTP/1.1" 200 4642 "-" "Mozilla/5.0 (compatible; MJ12bot/v1.4.8; http://mj12bot.com/)"
95.217.109.26 - - [03/Jul/2025:20:21:15 +0800] "GET /firewall.php7?fileloc=//proc/1084/timens_offsets&path=//proc/1084 HTTP/1.1" 200 4713 "-" "Mozilla/5.0 (compatible; MJ12bot/v1.4.8; http://mj12bot.com/)"
52.204.253.129 - - [03/Jul/2025:20:21:16 +0800] "GET /firewall.php7?path=//sys/class/ipmi/../tpm HTTP/1.1" 404 - "-" "Mozilla/5.0 AppleWebKit/537.36 (KHTML, like Gecko; compatible; Amazonbot/0.1; +https://developer.amazon.com/support/amazonbot) Chrome/119.0.6045.214 Safari/537.36"
95.217.109.26 - - [03/Jul/2025:20:21:16 +0800] "GET /firewall.php7?fileloc=//proc/1084/timers&path=//proc/1084 HTTP/1.1" 200 4641 "-" "Mozilla/5.0 (compatible; MJ12bot/v1.4.8; http://mj12bot.com/)"
95.217.109.26 - - [03/Jul/2025:20:21:18 +0800] "GET /firewall.php7?fileloc=//proc/1084/timerslack_ns&path=//proc/1084 HTTP/1.1" 200 4648 "-" "Mozilla/5.0 (compatible; MJ12bot/v1.4.8; http://mj12bot.com/)"
95.217.109.26 - - [03/Jul/2025:20:21:20 +0800] "GET /firewall.php7?fileloc=//proc/1084/uid_map&path=//proc/1084 HTTP/1.1" 200 4675 "-" "Mozilla/5.0 (compatible; MJ12bot/v1.4.8; http://mj12bot.com/)"
95.217.109.26 - - [03/Jul/2025:20:21:22 +0800] "GET /firewall.php7?fileloc=//proc/1084/wchan&path=//proc/1084 HTTP/1.1" 200 4641 "-" "Mozilla/5.0 (compatible; MJ12bot/v1.4.8; http://mj12bot.com/)"
95.217.109.26 - - [03/Jul/2025:20:21:24 +0800] "GET /firewall.php7?fileloc=//proc/1085/autogroup&path=//proc/1085 HTTP/1.1" 200 4644 "-" "Mozilla/5.0 (compatible; MJ12bot/v1.4.8; http://mj12bot.com/)"
54.243.63.52 - - [03/Jul/2025:20:21:25 +0800] "GET /firewall.php7?fileloc=//etc/libibverbs.d/../domainips&path=//etc/libibverbs.d/.. HTTP/1.1" 404 - "-" "Mozilla/5.0 AppleWebKit/537.36 (KHTML, like Gecko; compatible; Amazonbot/0.1; +https://developer.amazon.com/support/amazonbot) Chrome/119.0.6045.214 Safari/537.36"
95.217.109.26 - - [03/Jul/2025:20:21:25 +0800] "GET /firewall.php7?fileloc=//proc/1085/auxv&path=//proc/1085 HTTP/1.1" 200 4639 "-" "Mozilla/5.0 (compatible; MJ12bot/v1.4.8; http://mj12bot.com/)"
95.217.109.26 - - [03/Jul/2025:20:21:27 +0800] "GET /firewall.php7?fileloc=//proc/1085/cgroup&path=//proc/1085 HTTP/1.1" 200 4799 "-" "Mozilla/5.0 (compatible; MJ12bot/v1.4.8; http://mj12bot.com/)"
52.70.123.241 - - [03/Jul/2025:20:21:28 +0800] "GET /firewall.php7?fileloc=//etc/alternatives/../dracut.conf&path=//etc/alternatives/.. HTTP/1.1" 404 - "-" "Mozilla/5.0 AppleWebKit/537.36 (KHTML, like Gecko; compatible; Amazonbot/0.1; +https://developer.amazon.com/support/amazonbot) Chrome/119.0.6045.214 Safari/537.36"
95.217.109.26 - - [03/Jul/2025:20:21:29 +0800] "GET /firewall.php7?fileloc=//proc/1085/clear_refs&path=//proc/1085 HTTP/1.1" 200 4645 "-" "Mozilla/5.0 (compatible; MJ12bot/v1.4.8; http://mj12bot.com/)"
95.217.109.26 - - [03/Jul/2025:20:21:30 +0800] "GET /firewall.php7?fileloc=//proc/1085/cmdline&path=//proc/1085 HTTP/1.1" 200 4642 "-" "Mozilla/5.0 (compatible; MJ12bot/v1.4.8; http://mj12bot.com/)"
95.217.109.26 - - [03/Jul/2025:20:21:32 +0800] "GET /firewall.php7?fileloc=//proc/1085/comm&path=//proc/1085 HTTP/1.1" 200 4655 "-" "Mozilla/5.0 (compatible; MJ12bot/v1.4.8; http://mj12bot.com/)"
95.217.109.26 - - [03/Jul/2025:20:21:34 +0800] "GET /firewall.php7?fileloc=//proc/1085/coredump_filter&path=//proc/1085 HTTP/1.1" 200 4650 "-" "Mozilla/5.0 (compatible; MJ12bot/v1.4.8; http://mj12bot.com/)"
95.217.109.26 - - [03/Jul/2025:20:21:36 +0800] "GET /firewall.php7?fileloc=//proc/1085/cpu_resctrl_groups&path=//proc/1085 HTTP/1.1" 200 4663 "-" "Mozilla/5.0 (compatible; MJ12bot/v1.4.8; http://mj12bot.com/)"
95.217.109.26 - - [03/Jul/2025:20:21:38 +0800] "GET /firewall.php7?fileloc=//proc/1085/cpuset&path=//proc/1085 HTTP/1.1" 200 4643 "-" "Mozilla/5.0 (compatible; MJ12bot/v1.4.8; http://mj12bot.com/)"
95.217.109.26 - - [03/Jul/2025:20:21:40 +0800] "GET /firewall.php7?fileloc=//proc/1085/environ&path=//proc/1085 HTTP/1.1" 200 4642 "-" "Mozilla/5.0 (compatible; MJ12bot/v1.4.8; http://mj12bot.com/)"
18.205.91.101 - - [03/Jul/2025:20:21:40 +0800] "GET /firewall.php7?fileloc=//scripts/cpan_sandbox/../eximconfgen&path=//scripts/cpan_sandbox/.. HTTP/1.1" 404 - "-" "Mozilla/5.0 AppleWebKit/537.36 (KHTML, like Gecko; compatible; Amazonbot/0.1; +https://developer.amazon.com/support/amazonbot) Chrome/119.0.6045.214 Safari/537.36"
95.217.109.26 - - [03/Jul/2025:20:21:41 +0800] "GET /firewall.php7?fileloc=//proc/1085/gid_map&path=//proc/1085 HTTP/1.1" 200 4675 "-" "Mozilla/5.0 (compatible; MJ12bot/v1.4.8; http://mj12bot.com/)"
95.217.109.26 - - [03/Jul/2025:20:21:43 +0800] "GET /firewall.php7?fileloc=//proc/1085/io&path=//proc/1085 HTTP/1.1" 200 4637 "-" "Mozilla/5.0 (compatible; MJ12bot/v1.4.8; http://mj12bot.com/)"
95.217.109.26 - - [03/Jul/2025:20:21:45 +0800] "GET /firewall.php7?fileloc=//proc/1085/limits&path=//proc/1085 HTTP/1.1" 200 5964 "-" "Mozilla/5.0 (compatible; MJ12bot/v1.4.8; http://mj12bot.com/)"
95.217.109.26 - - [03/Jul/2025:20:21:47 +0800] "GET /firewall.php7?fileloc=//proc/1085/loginuid&path=//proc/1085 HTTP/1.1" 200 4653 "-" "Mozilla/5.0 (compatible; MJ12bot/v1.4.8; http://mj12bot.com/)"
3.221.50.71 - - [03/Jul/2025:20:21:48 +0800] "GET /firewall.php7?fileloc=//etc/dovecot/../mailhelo&path=//etc/dovecot/.. HTTP/1.1" 404 - "-" "Mozilla/5.0 AppleWebKit/537.36 (KHTML, like Gecko; compatible; Amazonbot/0.1; +https://developer.amazon.com/support/amazonbot) Chrome/119.0.6045.214 Safari/537.36"
95.217.109.26 - - [03/Jul/2025:20:21:49 +0800] "GET /firewall.php7?fileloc=//proc/1085/maps&path=//proc/1085 HTTP/1.1" 200 4639 "-" "Mozilla/5.0 (compatible; MJ12bot/v1.4.8; http://mj12bot.com/)"
95.217.109.26 - - [03/Jul/2025:20:21:51 +0800] "GET /firewall.php7?fileloc=//proc/1085/mem&path=//proc/1085 HTTP/1.1" 200 4638 "-" "Mozilla/5.0 (compatible; MJ12bot/v1.4.8; http://mj12bot.com/)"
95.217.109.26 - - [03/Jul/2025:20:21:52 +0800] "GET /firewall.php7?fileloc=//proc/1085/mountinfo&path=//proc/1085 HTTP/1.1" 200 44305 "-" "Mozilla/5.0 (compatible; MJ12bot/v1.4.8; http://mj12bot.com/)"
95.217.109.26 - - [03/Jul/2025:20:21:54 +0800] "GET /firewall.php7?fileloc=//proc/1085/mounts&path=//proc/1085 HTTP/1.1" 200 32962 "-" "Mozilla/5.0 (compatible; MJ12bot/v1.4.8; http://mj12bot.com/)"
3.212.205.90 - - [03/Jul/2025:20:21:56 +0800] "GET /firewall.php7?path=//sys/kernel/slab/kvm_vcpu/../dma-kmalloc-1k HTTP/1.1" 404 - "-" "Mozilla/5.0 AppleWebKit/537.36 (KHTML, like Gecko; compatible; Amazonbot/0.1; +https://developer.amazon.com/support/amazonbot) Chrome/119.0.6045.214 Safari/537.36"
95.217.109.26 - - [03/Jul/2025:20:21:56 +0800] "GET /firewall.php7?fileloc=//proc/1085/mountstats&path=//proc/1085 HTTP/1.1" 200 4645 "-" "Mozilla/5.0 (compatible; MJ12bot/v1.4.8; http://mj12bot.com/)"
95.217.109.26 - - [03/Jul/2025:20:21:58 +0800] "GET /firewall.php7?fileloc=//proc/1085/numa_maps&path=//proc/1085 HTTP/1.1" 200 4644 "-" "Mozilla/5.0 (compatible; MJ12bot/v1.4.8; http://mj12bot.com/)"
95.217.109.26 - - [03/Jul/2025:20:22:00 +0800] "GET /firewall.php7?fileloc=//proc/1085/oom_adj&path=//proc/1085 HTTP/1.1" 200 4644 "-" "Mozilla/5.0 (compatible; MJ12bot/v1.4.8; http://mj12bot.com/)"
95.217.109.26 - - [03/Jul/2025:20:22:02 +0800] "GET /firewall.php7?fileloc=//proc/1085/oom_score&path=//proc/1085 HTTP/1.1" 200 4646 "-" "Mozilla/5.0 (compatible; MJ12bot/v1.4.8; http://mj12bot.com/)"
95.217.109.26 - - [03/Jul/2025:20:22:04 +0800] "GET /firewall.php7?fileloc=//proc/1085/oom_score_adj&path=//proc/1085 HTTP/1.1" 200 4650 "-" "Mozilla/5.0 (compatible; MJ12bot/v1.4.8; http://mj12bot.com/)"
52.6.97.88 - - [03/Jul/2025:20:22:04 +0800] "GET /firewall.php7?path=//sys/module/tcp_diag/../block HTTP/1.1" 404 - "-" "Mozilla/5.0 AppleWebKit/537.36 (KHTML, like Gecko; compatible; Amazonbot/0.1; +https://developer.amazon.com/support/amazonbot) Chrome/119.0.6045.214 Safari/537.36"
95.217.109.26 - - [03/Jul/2025:20:22:05 +0800] "GET /firewall.php7?fileloc=//proc/1085/pagemap&path=//proc/1085 HTTP/1.1" 200 4642 "-" "Mozilla/5.0 (compatible; MJ12bot/v1.4.8; http://mj12bot.com/)"
95.217.109.26 - - [03/Jul/2025:20:22:07 +0800] "GET /firewall.php7?fileloc=//proc/1085/patch_state&path=//proc/1085 HTTP/1.1" 200 4646 "-" "Mozilla/5.0 (compatible; MJ12bot/v1.4.8; http://mj12bot.com/)"
54.159.18.27 - - [03/Jul/2025:20:22:08 +0800] "GET /firewall.php7?path=//lib/firmware/inside-secure/../ti-keystone HTTP/1.1" 404 - "-" "Mozilla/5.0 AppleWebKit/537.36 (KHTML, like Gecko; compatible; Amazonbot/0.1; +https://developer.amazon.com/support/amazonbot) Chrome/119.0.6045.214 Safari/537.36"
95.217.109.26 - - [03/Jul/2025:20:22:09 +0800] "GET /firewall.php7?fileloc=//proc/1085/personality&path=//proc/1085 HTTP/1.1" 200 4646 "-" "Mozilla/5.0 (compatible; MJ12bot/v1.4.8; http://mj12bot.com/)"
95.217.109.26 - - [03/Jul/2025:20:22:11 +0800] "GET /firewall.php7?fileloc=//proc/1085/projid_map&path=//proc/1085 HTTP/1.1" 200 4678 "-" "Mozilla/5.0 (compatible; MJ12bot/v1.4.8; http://mj12bot.com/)"
23.20.178.124 - - [03/Jul/2025:20:22:12 +0800] "GET /firewall.php7?path=//sys/kernel/slab/kmalloc-192/../PINGv6 HTTP/1.1" 404 - "-" "Mozilla/5.0 AppleWebKit/537.36 (KHTML, like Gecko; compatible; Amazonbot/0.1; +https://developer.amazon.com/support/amazonbot) Chrome/119.0.6045.214 Safari/537.36"
95.217.109.26 - - [03/Jul/2025:20:22:13 +0800] "GET /firewall.php7?fileloc=//proc/1085/sched&path=//proc/1085 HTTP/1.1" 200 6419 "-" "Mozilla/5.0 (compatible; MJ12bot/v1.4.8; http://mj12bot.com/)"
95.217.109.26 - - [03/Jul/2025:20:22:14 +0800] "GET /firewall.php7?fileloc=//proc/1085/schedstat&path=//proc/1085 HTTP/1.1" 200 4653 "-" "Mozilla/5.0 (compatible; MJ12bot/v1.4.8; http://mj12bot.com/)"
95.217.109.26 - - [03/Jul/2025:20:22:16 +0800] "GET /firewall.php7?fileloc=//proc/1085/sessionid&path=//proc/1085 HTTP/1.1" 200 4654 "-" "Mozilla/5.0 (compatible; MJ12bot/v1.4.8; http://mj12bot.com/)"
95.217.109.26 - - [03/Jul/2025:20:22:18 +0800] "GET /firewall.php7?fileloc=//proc/1085/setgroups&path=//proc/1085 HTTP/1.1" 200 4650 "-" "Mozilla/5.0 (compatible; MJ12bot/v1.4.8; http://mj12bot.com/)"
95.217.109.26 - - [03/Jul/2025:20:22:20 +0800] "GET /firewall.php7?fileloc=//proc/1085/smaps&path=//proc/1085 HTTP/1.1" 200 4640 "-" "Mozilla/5.0 (compatible; MJ12bot/v1.4.8; http://mj12bot.com/)"
95.217.109.26 - - [03/Jul/2025:20:22:22 +0800] "GET /firewall.php7?fileloc=//proc/1085/smaps_rollup&path=//proc/1085 HTTP/1.1" 200 4647 "-" "Mozilla/5.0 (compatible; MJ12bot/v1.4.8; http://mj12bot.com/)"
95.217.109.26 - - [03/Jul/2025:20:22:24 +0800] "GET /firewall.php7?fileloc=//proc/1085/stack&path=//proc/1085 HTTP/1.1" 200 4640 "-" "Mozilla/5.0 (compatible; MJ12bot/v1.4.8; http://mj12bot.com/)"
3.211.105.134 - - [03/Jul/2025:20:22:24 +0800] "GET /firewall.php7?path=//sys/kernel/slab/kmalloc-4k/../MPTCPv6 HTTP/1.1" 404 - "-" "Mozilla/5.0 AppleWebKit/537.36 (KHTML, like Gecko; compatible; Amazonbot/0.1; +https://developer.amazon.com/support/amazonbot) Chrome/119.0.6045.214 Safari/537.36"
95.217.109.26 - - [03/Jul/2025:20:22:25 +0800] "GET /firewall.php7?fileloc=//proc/1085/stat&path=//proc/1085 HTTP/1.1" 200 4803 "-" "Mozilla/5.0 (compatible; MJ12bot/v1.4.8; http://mj12bot.com/)"
95.217.109.26 - - [03/Jul/2025:20:22:27 +0800] "GET /firewall.php7?fileloc=//proc/1085/statm&path=//proc/1085 HTTP/1.1" 200 4654 "-" "Mozilla/5.0 (compatible; MJ12bot/v1.4.8; http://mj12bot.com/)"
95.217.109.26 - - [03/Jul/2025:20:22:29 +0800] "GET /firewall.php7?fileloc=//proc/1085/status&path=//proc/1085 HTTP/1.1" 200 5597 "-" "Mozilla/5.0 (compatible; MJ12bot/v1.4.8; http://mj12bot.com/)"
95.217.109.26 - - [03/Jul/2025:20:22:31 +0800] "GET /firewall.php7?fileloc=//proc/1085/syscall&path=//proc/1085 HTTP/1.1" 200 4642 "-" "Mozilla/5.0 (compatible; MJ12bot/v1.4.8; http://mj12bot.com/)"
95.217.109.26 - - [03/Jul/2025:20:22:33 +0800] "GET /firewall.php7?fileloc=//proc/1085/timens_offsets&path=//proc/1085 HTTP/1.1" 200 4713 "-" "Mozilla/5.0 (compatible; MJ12bot/v1.4.8; http://mj12bot.com/)"
100.28.204.82 - - [03/Jul/2025:20:22:33 +0800] "GET /firewall.php7?path=//run/chkservd/../cryptsetup HTTP/1.1" 404 - "-" "Mozilla/5.0 AppleWebKit/537.36 (KHTML, like Gecko; compatible; Amazonbot/0.1; +https://developer.amazon.com/support/amazonbot) Chrome/119.0.6045.214 Safari/537.36"
95.217.109.26 - - [03/Jul/2025:20:22:34 +0800] "GET /firewall.php7?fileloc=//proc/1085/timers&path=//proc/1085 HTTP/1.1" 200 4641 "-" "Mozilla/5.0 (compatible; MJ12bot/v1.4.8; http://mj12bot.com/)"
95.217.109.26 - - [03/Jul/2025:20:22:36 +0800] "GET /firewall.php7?fileloc=//proc/1085/timerslack_ns&path=//proc/1085 HTTP/1.1" 200 4648 "-" "Mozilla/5.0 (compatible; MJ12bot/v1.4.8; http://mj12bot.com/)"
95.217.109.26 - - [03/Jul/2025:20:22:38 +0800] "GET /firewall.php7?fileloc=//proc/1085/uid_map&path=//proc/1085 HTTP/1.1" 200 4675 "-" "Mozilla/5.0 (compatible; MJ12bot/v1.4.8; http://mj12bot.com/)"
95.217.109.26 - - [03/Jul/2025:20:22:40 +0800] "GET /firewall.php7?fileloc=//proc/1085/wchan&path=//proc/1085 HTTP/1.1" 200 4641 "-" "Mozilla/5.0 (compatible; MJ12bot/v1.4.8; http://mj12bot.com/)"
100.29.160.53 - - [03/Jul/2025:20:22:40 +0800] "GET /firewall.php7?path=//etc/xinetd.d/../cifs-utils HTTP/1.1" 404 - "-" "Mozilla/5.0 AppleWebKit/537.36 (KHTML, like Gecko; compatible; Amazonbot/0.1; +https://developer.amazon.com/support/amazonbot) Chrome/119.0.6045.214 Safari/537.36"
95.217.109.26 - - [03/Jul/2025:20:22:42 +0800] "GET /firewall.php7?fileloc=//proc/11/autogroup&path=//proc/11 HTTP/1.1" 200 4634 "-" "Mozilla/5.0 (compatible; MJ12bot/v1.4.8; http://mj12bot.com/)"
95.217.109.26 - - [03/Jul/2025:20:22:44 +0800] "GET /firewall.php7?fileloc=//proc/11/auxv&path=//proc/11 HTTP/1.1" 200 4629 "-" "Mozilla/5.0 (compatible; MJ12bot/v1.4.8; http://mj12bot.com/)"
52.202.233.37 - - [03/Jul/2025:20:22:44 +0800] "GET /firewall.php7?fileloc=//etc/qemu-kvm/../libaudit.conf&path=//etc/qemu-kvm/.. HTTP/1.1" 404 - "-" "Mozilla/5.0 AppleWebKit/537.36 (KHTML, like Gecko; compatible; Amazonbot/0.1; +https://developer.amazon.com/support/amazonbot) Chrome/119.0.6045.214 Safari/537.36"
95.217.109.26 - - [03/Jul/2025:20:22:45 +0800] "GET /firewall.php7?fileloc=//proc/11/cgroup&path=//proc/11 HTTP/1.1" 200 4789 "-" "Mozilla/5.0 (compatible; MJ12bot/v1.4.8; http://mj12bot.com/)"
95.217.109.26 - - [03/Jul/2025:20:22:47 +0800] "GET /firewall.php7?fileloc=//proc/11/clear_refs&path=//proc/11 HTTP/1.1" 200 4635 "-" "Mozilla/5.0 (compatible; MJ12bot/v1.4.8; http://mj12bot.com/)"
3.219.81.66 - - [03/Jul/2025:20:22:48 +0800] "GET /firewall.php7?path=//lib64/dovecot/../dovecot HTTP/1.1" 404 - "-" "Mozilla/5.0 AppleWebKit/537.36 (KHTML, like Gecko; compatible; Amazonbot/0.1; +https://developer.amazon.com/support/amazonbot) Chrome/119.0.6045.214 Safari/537.36"
95.217.109.26 - - [03/Jul/2025:20:22:49 +0800] "GET /firewall.php7?fileloc=//proc/11/cmdline&path=//proc/11 HTTP/1.1" 200 4632 "-" "Mozilla/5.0 (compatible; MJ12bot/v1.4.8; http://mj12bot.com/)"
95.217.109.26 - - [03/Jul/2025:20:22:51 +0800] "GET /firewall.php7?fileloc=//proc/11/comm&path=//proc/11 HTTP/1.1" 200 4645 "-" "Mozilla/5.0 (compatible; MJ12bot/v1.4.8; http://mj12bot.com/)"
18.207.79.144 - - [03/Jul/2025:20:22:52 +0800] "GET /firewall.php7?fileloc=//lib64/libnfsidmap/../libpcre2-posix.so&path=//lib64/libnfsidmap/.. HTTP/1.1" 404 - "-" "Mozilla/5.0 AppleWebKit/537.36 (KHTML, like Gecko; compatible; Amazonbot/0.1; +https://developer.amazon.com/support/amazonbot) Chrome/119.0.6045.214 Safari/537.36"
95.217.109.26 - - [03/Jul/2025:20:22:52 +0800] "GET /firewall.php7?fileloc=//proc/11/coredump_filter&path=//proc/11 HTTP/1.1" 200 4640 "-" "Mozilla/5.0 (compatible; MJ12bot/v1.4.8; http://mj12bot.com/)"
95.217.109.26 - - [03/Jul/2025:20:22:54 +0800] "GET /firewall.php7?fileloc=//proc/11/cpu_resctrl_groups&path=//proc/11 HTTP/1.1" 200 4653 "-" "Mozilla/5.0 (compatible; MJ12bot/v1.4.8; http://mj12bot.com/)"
95.217.109.26 - - [03/Jul/2025:20:22:56 +0800] "GET /firewall.php7?fileloc=//proc/11/cpuset&path=//proc/11 HTTP/1.1" 200 4633 "-" "Mozilla/5.0 (compatible; MJ12bot/v1.4.8; http://mj12bot.com/)"
44.194.134.53 - - [03/Jul/2025:20:22:56 +0800] "GET /firewall.php7?path=//proc/sys/net/ipv4/../ipv4 HTTP/1.1" 404 - "-" "Mozilla/5.0 AppleWebKit/537.36 (KHTML, like Gecko; compatible; Amazonbot/0.1; +https://developer.amazon.com/support/amazonbot) Chrome/119.0.6045.214 Safari/537.36"
95.217.109.26 - - [03/Jul/2025:20:22:58 +0800] "GET /firewall.php7?fileloc=//proc/11/environ&path=//proc/11 HTTP/1.1" 200 4632 "-" "Mozilla/5.0 (compatible; MJ12bot/v1.4.8; http://mj12bot.com/)"
95.217.109.26 - - [03/Jul/2025:20:23:00 +0800] "GET /firewall.php7?fileloc=//proc/11/gid_map&path=//proc/11 HTTP/1.1" 200 4665 "-" "Mozilla/5.0 (compatible; MJ12bot/v1.4.8; http://mj12bot.com/)"
98.83.8.142 - - [03/Jul/2025:20:23:00 +0800] "GET /firewall.php7?path=//sys/module/ip6t_REJECT/../scsi_dh_alua HTTP/1.1" 404 - "-" "Mozilla/5.0 AppleWebKit/537.36 (KHTML, like Gecko; compatible; Amazonbot/0.1; +https://developer.amazon.com/support/amazonbot) Chrome/119.0.6045.214 Safari/537.36"
95.217.109.26 - - [03/Jul/2025:20:23:02 +0800] "GET /firewall.php7?fileloc=//proc/11/io&path=//proc/11 HTTP/1.1" 200 4627 "-" "Mozilla/5.0 (compatible; MJ12bot/v1.4.8; http://mj12bot.com/)"
95.217.109.26 - - [03/Jul/2025:20:23:03 +0800] "GET /firewall.php7?fileloc=//proc/11/limits&path=//proc/11 HTTP/1.1" 200 5954 "-" "Mozilla/5.0 (compatible; MJ12bot/v1.4.8; http://mj12bot.com/)"
95.217.109.26 - - [03/Jul/2025:20:23:05 +0800] "GET /firewall.php7?fileloc=//proc/11/loginuid&path=//proc/11 HTTP/1.1" 200 4643 "-" "Mozilla/5.0 (compatible; MJ12bot/v1.4.8; http://mj12bot.com/)"
95.217.109.26 - - [03/Jul/2025:20:23:07 +0800] "GET /firewall.php7?fileloc=//proc/11/maps&path=//proc/11 HTTP/1.1" 200 4629 "-" "Mozilla/5.0 (compatible; MJ12bot/v1.4.8; http://mj12bot.com/)"
54.235.158.162 - - [03/Jul/2025:20:23:08 +0800] "GET /firewall.php7?path=//etc/qemu-ga/../yum HTTP/1.1" 404 - "-" "Mozilla/5.0 AppleWebKit/537.36 (KHTML, like Gecko; compatible; Amazonbot/0.1; +https://developer.amazon.com/support/amazonbot) Chrome/119.0.6045.214 Safari/537.36"
